{"id":2030,"date":"2023-09-21T19:27:47","date_gmt":"2023-09-21T17:27:47","guid":{"rendered":"https:\/\/melnibone.at\/shop\/?post_type=product&#038;p=2030"},"modified":"2025-04-29T20:14:48","modified_gmt":"2025-04-29T18:14:48","slug":"supporte-den-stream-booster","status":"publish","type":"product","link":"https:\/\/melnibone.at\/shop\/index.php\/produkt\/supporte-den-stream-booster\/","title":{"rendered":"Supporte den Stream Booster"},"content":{"rendered":"<p>Hol dir dein &#8222;Supporte den Stream Booster&#8220; daf\u00fcr gibt es f\u00fcnf wundersch\u00f6ne Foil Karten C\/UC\/L\u00e4nder oder Token aus unserer Sammlung und unseren ewigen Dank.<\/p>\n<p>&#8211;<\/p>\n<p>Auf Wunsch signieren wir auch gerne eine oder mehrere der Karten.<\/p>\n<p>&nbsp;<\/p>\n","protected":false},"excerpt":{"rendered":"<p>Hol dir dein &#8222;Supporte den Stream Booster&#8220; daf\u00fcr gibt es f\u00fcnf wundersch\u00f6ne Foil Karten C\/UC\/L\u00e4nder oder Token aus unserer Sammlung und unseren ewigen Dank. &#8211; Auf Wunsch signieren wir auch gerne eine oder mehrere der Karten. &nbsp;<\/p>\n","protected":false},"featured_media":2031,"template":"","meta":[],"product_brand":[],"product_cat":[65],"product_tag":[],"class_list":{"0":"post-2030","1":"product","2":"type-product","3":"status-publish","4":"has-post-thumbnail","6":"product_cat-live_break","8":"first","9":"instock","10":"taxable","11":"shipping-taxable","12":"purchasable","13":"product-type-simple"},"_links":{"self":[{"href":"https:\/\/melnibone.at\/shop\/index.php\/wp-json\/wp\/v2\/product\/2030","targetHints":{"allow":["GET"]}}],"collection":[{"href":"https:\/\/melnibone.at\/shop\/index.php\/wp-json\/wp\/v2\/product"}],"about":[{"href":"https:\/\/melnibone.at\/shop\/index.php\/wp-json\/wp\/v2\/types\/product"}],"wp:featuredmedia":[{"embeddable":true,"href":"https:\/\/melnibone.at\/shop\/index.php\/wp-json\/wp\/v2\/media\/2031"}],"wp:attachment":[{"href":"https:\/\/melnibone.at\/shop\/index.php\/wp-json\/wp\/v2\/media?parent=2030"}],"wp:term":[{"taxonomy":"product_brand","embeddable":true,"href":"https:\/\/melnibone.at\/shop\/index.php\/wp-json\/wp\/v2\/product_brand?post=2030"},{"taxonomy":"product_cat","embeddable":true,"href":"https:\/\/melnibone.at\/shop\/index.php\/wp-json\/wp\/v2\/product_cat?post=2030"},{"taxonomy":"product_tag","embeddable":true,"href":"https:\/\/melnibone.at\/shop\/index.php\/wp-json\/wp\/v2\/product_tag?post=2030"}],"curies":[{"name":"wp","href":"https:\/\/api.w.org\/{rel}","templated":true}]}}