{"id":3546,"date":"2024-06-18T21:12:15","date_gmt":"2024-06-18T19:12:15","guid":{"rendered":"https:\/\/melnibone.at\/shop\/?post_type=product&#038;p=3546"},"modified":"2026-02-19T12:21:24","modified_gmt":"2026-02-19T11:21:24","slug":"one-piece-funko-pop-mystery-minis-figur","status":"publish","type":"product","link":"https:\/\/melnibone.at\/shop\/index.php\/produkt\/one-piece-funko-pop-mystery-minis-figur\/","title":{"rendered":"One Piece Funko Pop Mystery Minis Figur"},"content":{"rendered":"<div class=\"css-LOABQ\"><\/div>\n<div class=\"h3 product-detail-description-title\">Produktinformationen &#8222;One Piece Funko Pop Mystery Minis Figur&#8220;<\/div>\n<div class=\"product-detail-description-hardfacts\">\n<ul>\n<li>1 Mystery Minis Figur<\/li>\n<\/ul>\n<\/div>\n<div class=\"product-detail-description-material\">Material: Vinyl<\/div>\n<div class=\"product-detail-description-text\">\n<p>Erstickungsgefahr.Ahoi Piratenfreunde! In unserem Onlineshop haben wir jetzt die One Piece Funko Pop Mystery Minis Figur! Diese kleinen Sammlerst\u00fccke sind ein absolutes Muss f\u00fcr jeden One Piece Fan. Aber das Beste daran ist, dass du nicht wei\u00dft, welche Figur du bekommst. Es ist eine \u00dcberraschung! Umso mehr Grund, gleich mehrere zu bestellen, um die Sammlung vollst\u00e4ndig zu machen. Also schnapp dir jetzt deine One Piece Funko Pop Mystery Minis Figur und zeige allen, dass du ein wahrer Piratenfan bist!<\/p>\n<\/div>\n<div class=\"product-detail-description-product-musts\">\n<p>Warnhinweis: Achtung! Nicht f\u00fcr Kinder unter 36 Monaten geeignet Enth\u00e4lt verschluckbare Kleinteile. Erstickungsgefahr.<\/p>\n<\/div>\n","protected":false},"excerpt":{"rendered":"<p>Produktinformationen &#8222;One Piece Funko Pop Mystery Minis Figur&#8220; 1 Mystery Minis Figur Material: Vinyl Erstickungsgefahr.Ahoi Piratenfreunde! In unserem Onlineshop haben wir jetzt die One Piece Funko Pop Mystery Minis Figur! Diese kleinen Sammlerst\u00fccke sind ein absolutes Muss f\u00fcr jeden One Piece Fan. Aber das Beste daran ist, dass du nicht wei\u00dft, welche Figur du bekommst. [&hellip;]<\/p>\n","protected":false},"featured_media":3547,"template":"","meta":[],"product_brand":[],"product_cat":[82,69,58],"product_tag":[],"class_list":{"0":"post-3546","1":"product","2":"type-product","3":"status-publish","4":"has-post-thumbnail","6":"product_cat-figuren","7":"product_cat-live-break-other","8":"product_cat-one-piece","10":"first","11":"outofstock","12":"taxable","13":"shipping-taxable","14":"purchasable","15":"product-type-simple"},"_links":{"self":[{"href":"https:\/\/melnibone.at\/shop\/index.php\/wp-json\/wp\/v2\/product\/3546","targetHints":{"allow":["GET"]}}],"collection":[{"href":"https:\/\/melnibone.at\/shop\/index.php\/wp-json\/wp\/v2\/product"}],"about":[{"href":"https:\/\/melnibone.at\/shop\/index.php\/wp-json\/wp\/v2\/types\/product"}],"wp:featuredmedia":[{"embeddable":true,"href":"https:\/\/melnibone.at\/shop\/index.php\/wp-json\/wp\/v2\/media\/3547"}],"wp:attachment":[{"href":"https:\/\/melnibone.at\/shop\/index.php\/wp-json\/wp\/v2\/media?parent=3546"}],"wp:term":[{"taxonomy":"product_brand","embeddable":true,"href":"https:\/\/melnibone.at\/shop\/index.php\/wp-json\/wp\/v2\/product_brand?post=3546"},{"taxonomy":"product_cat","embeddable":true,"href":"https:\/\/melnibone.at\/shop\/index.php\/wp-json\/wp\/v2\/product_cat?post=3546"},{"taxonomy":"product_tag","embeddable":true,"href":"https:\/\/melnibone.at\/shop\/index.php\/wp-json\/wp\/v2\/product_tag?post=3546"}],"curies":[{"name":"wp","href":"https:\/\/api.w.org\/{rel}","templated":true}]}}