{"id":4704,"date":"2025-01-01T23:48:37","date_gmt":"2025-01-01T22:48:37","guid":{"rendered":"https:\/\/melnibone.at\/shop\/?post_type=product&#038;p=4704"},"modified":"2025-07-25T11:10:27","modified_gmt":"2025-07-25T09:10:27","slug":"primaris-eliminators-48-93","status":"publish","type":"product","link":"https:\/\/melnibone.at\/shop\/index.php\/produkt\/primaris-eliminators-48-93\/","title":{"rendered":"Primaris Eliminators (48-93)"},"content":{"rendered":"<h3>Primaris Eliminators<\/h3>\n<p>Eliminatoren sind Scharfsch\u00fctzen der\u00a0Vanguard\u00a0Primaris\u00a0Space Marines, die eine Reihe exotischer und t\u00f6dlicher Munition verwenden, die auf ihr Ziel zugeschnitten ist.<\/p>\n<p>Eliminator Squads verwenden eine noch abgespecktere Version der Mk.X Phobos-R\u00fcstung, die es ihnen erm\u00f6glicht, mit maximaler Tarnung zu operieren. Diese Krieger dienen als engagierte Scharfsch\u00fctzen und Feuerunterst\u00fctzungsspezialisten, die\u00a0Die Schatten\u00a0des Schlachtfelds heimsuchen, um Gelegenheitsziele zu suchen und sie aus der Entfernung zu Fall zu bringen. Ihre Hauptbewaffnung ist das Mk.III Shrike Pattern Bolt Sniper Rifle, Las Fusil oder Instigator Bolt Carbine.<\/p>\n<p>Das optische Visier dieser Waffe kann auf jede Situation zugeschnitten werden, von thermoskopischer Sicht bis hin zu pr\u00e4zisen Auspex-Scans, die mehrere Fu\u00df feste Materie durchdringen k\u00f6nnen. Einmal erfasst, kann sich die Beute eines Eliminators nirgendwo verstecken. Jedes Mitglied des Trupps tr\u00e4gt Ersatzmagazine mit Spezialmunition, die f\u00fcr jeden schlie\u00dflich ma\u00dfgeschneidert sind. Hyperfrag-Geschosse explodieren in einem Schrapnellregen, Executioner-Geschosse sind ausgekl\u00fcgelte, selbstgelenkte Raketen, die einem miniaturisierten Kogitator untergeordnet sind, der ihr Ziel hinter der Deckung suchen kann, w\u00e4hrend Mortis-Geschosse selbstreplizierende mutagene Toxine in das Fleisch eines Ziels speien.<\/p>\n<p>Der Plastikbausatz besteht aus 60 Teilen und ergibt drei Eliminatoren. Jedes Modell wird mit einem Citadel-Rundbase (40 mm) geliefert. Das Set enth\u00e4lt auch einen Abziehbilderbogen der Primaris\u00a0Space Marines\u00a0Infantry.<\/p>\n","protected":false},"excerpt":{"rendered":"<p>Primaris Eliminators Eliminatoren sind Scharfsch\u00fctzen der\u00a0Vanguard\u00a0Primaris\u00a0Space Marines, die eine Reihe exotischer und t\u00f6dlicher Munition verwenden, die auf ihr Ziel zugeschnitten ist. Eliminator Squads verwenden eine noch abgespecktere Version der Mk.X Phobos-R\u00fcstung, die es ihnen erm\u00f6glicht, mit maximaler Tarnung zu operieren. Diese Krieger dienen als engagierte Scharfsch\u00fctzen und Feuerunterst\u00fctzungsspezialisten, die\u00a0Die Schatten\u00a0des Schlachtfelds heimsuchen, um Gelegenheitsziele zu [&hellip;]<\/p>\n","protected":false},"featured_media":4705,"template":"","meta":[],"product_brand":[],"product_cat":[118],"product_tag":[],"class_list":{"0":"post-4704","1":"product","2":"type-product","3":"status-publish","4":"has-post-thumbnail","6":"product_cat-40k","8":"first","9":"instock","10":"sale","11":"taxable","12":"shipping-taxable","13":"purchasable","14":"product-type-simple"},"_links":{"self":[{"href":"https:\/\/melnibone.at\/shop\/index.php\/wp-json\/wp\/v2\/product\/4704","targetHints":{"allow":["GET"]}}],"collection":[{"href":"https:\/\/melnibone.at\/shop\/index.php\/wp-json\/wp\/v2\/product"}],"about":[{"href":"https:\/\/melnibone.at\/shop\/index.php\/wp-json\/wp\/v2\/types\/product"}],"wp:featuredmedia":[{"embeddable":true,"href":"https:\/\/melnibone.at\/shop\/index.php\/wp-json\/wp\/v2\/media\/4705"}],"wp:attachment":[{"href":"https:\/\/melnibone.at\/shop\/index.php\/wp-json\/wp\/v2\/media?parent=4704"}],"wp:term":[{"taxonomy":"product_brand","embeddable":true,"href":"https:\/\/melnibone.at\/shop\/index.php\/wp-json\/wp\/v2\/product_brand?post=4704"},{"taxonomy":"product_cat","embeddable":true,"href":"https:\/\/melnibone.at\/shop\/index.php\/wp-json\/wp\/v2\/product_cat?post=4704"},{"taxonomy":"product_tag","embeddable":true,"href":"https:\/\/melnibone.at\/shop\/index.php\/wp-json\/wp\/v2\/product_tag?post=4704"}],"curies":[{"name":"wp","href":"https:\/\/api.w.org\/{rel}","templated":true}]}}