{"id":4721,"date":"2025-01-02T00:07:21","date_gmt":"2025-01-01T23:07:21","guid":{"rendered":"https:\/\/melnibone.at\/shop\/?post_type=product&#038;p=4721"},"modified":"2025-01-02T00:08:03","modified_gmt":"2025-01-01T23:08:03","slug":"thousand-sons-rubric-marines-43-35","status":"publish","type":"product","link":"https:\/\/melnibone.at\/shop\/index.php\/produkt\/thousand-sons-rubric-marines-43-35\/","title":{"rendered":"Thousand Sons: Rubric Marines (43-35)"},"content":{"rendered":"<p><strong>Inhalt:<\/strong><\/p>\n<ul>\n<li>Dieser mehrteilige Kunststoffbausatz enth\u00e4lt die Bauteile, um 10 Rubric Marines zu bauen, die mit Inferno-Boltern oder Warpflammenwerfern bewaffnet sind. Ein Modell kann mit einer Seelenschnitterkanone bewaffnet sein, eines darf eine Ikone der Flammen tragen und eines kann als Aspiring Sorcerer mit Psistab und Inferno-Boltpistole oder Warpflammenpistole zusammengebaut werden. Enth\u00e4lt zehn Citadel-Rundbases (32 mm).<\/li>\n<\/ul>\n<p>&nbsp;<\/p>\n<p><em>Die Figuren und Baus\u00e4tze werden unbemalt geliefert. Sie bestehen \u00fcberwiegend aus Kuststoff.<\/em><\/p>\n<p><em>Aufgrund der aktuellen Situation und wegen Lieferengp\u00e4ssen beim Hersteller kann es zu l\u00e4ngeren Lieferzeiten kommen und das Erscheinungsdatum kann sich verz\u00f6gern.<\/em><\/p>\n<div class=\"grey-hint\"><strong>Wichtiger Hinweis<\/strong><br \/>\nAchtung! Nicht f\u00fcr Kinder unter 36 Monaten geeignet. Erstickungsgefahr wegen verschluckbarer Kleinteile.<\/div>\n","protected":false},"excerpt":{"rendered":"<p>Inhalt: Dieser mehrteilige Kunststoffbausatz enth\u00e4lt die Bauteile, um 10 Rubric Marines zu bauen, die mit Inferno-Boltern oder Warpflammenwerfern bewaffnet sind. Ein Modell kann mit einer Seelenschnitterkanone bewaffnet sein, eines darf eine Ikone der Flammen tragen und eines kann als Aspiring Sorcerer mit Psistab und Inferno-Boltpistole oder Warpflammenpistole zusammengebaut werden. Enth\u00e4lt zehn Citadel-Rundbases (32 mm). &nbsp; [&hellip;]<\/p>\n","protected":false},"featured_media":4722,"template":"","meta":[],"product_brand":[],"product_cat":[118],"product_tag":[],"class_list":{"0":"post-4721","1":"product","2":"type-product","3":"status-publish","4":"has-post-thumbnail","6":"product_cat-40k","8":"first","9":"instock","10":"sale","11":"taxable","12":"shipping-taxable","13":"purchasable","14":"product-type-simple"},"_links":{"self":[{"href":"https:\/\/melnibone.at\/shop\/index.php\/wp-json\/wp\/v2\/product\/4721","targetHints":{"allow":["GET"]}}],"collection":[{"href":"https:\/\/melnibone.at\/shop\/index.php\/wp-json\/wp\/v2\/product"}],"about":[{"href":"https:\/\/melnibone.at\/shop\/index.php\/wp-json\/wp\/v2\/types\/product"}],"wp:featuredmedia":[{"embeddable":true,"href":"https:\/\/melnibone.at\/shop\/index.php\/wp-json\/wp\/v2\/media\/4722"}],"wp:attachment":[{"href":"https:\/\/melnibone.at\/shop\/index.php\/wp-json\/wp\/v2\/media?parent=4721"}],"wp:term":[{"taxonomy":"product_brand","embeddable":true,"href":"https:\/\/melnibone.at\/shop\/index.php\/wp-json\/wp\/v2\/product_brand?post=4721"},{"taxonomy":"product_cat","embeddable":true,"href":"https:\/\/melnibone.at\/shop\/index.php\/wp-json\/wp\/v2\/product_cat?post=4721"},{"taxonomy":"product_tag","embeddable":true,"href":"https:\/\/melnibone.at\/shop\/index.php\/wp-json\/wp\/v2\/product_tag?post=4721"}],"curies":[{"name":"wp","href":"https:\/\/api.w.org\/{rel}","templated":true}]}}