{"id":4782,"date":"2025-01-02T00:54:09","date_gmt":"2025-01-01T23:54:09","guid":{"rendered":"https:\/\/melnibone.at\/shop\/?post_type=product&#038;p=4782"},"modified":"2025-01-02T00:55:52","modified_gmt":"2025-01-01T23:55:52","slug":"stormcast-eternals-dracothian-guard-96-24","status":"publish","type":"product","link":"https:\/\/melnibone.at\/shop\/index.php\/produkt\/stormcast-eternals-dracothian-guard-96-24\/","title":{"rendered":"Stormcast Eternals Dracothian Guard (96-24)"},"content":{"rendered":"<p><strong>Dieser mehrteilige Kunststoffbausatz enth\u00e4lt alle Komponenten, um zwei Dracothian Guards zu bauen! Jede Miniatur kann auf eine der folgenden Weisen gebaut werden:<\/p>\n<p><\/strong><\/p>\n<p>&nbsp;<\/p>\n<ul>\n<li>als Fulminator, bewaffnet mit Stormstrike Glaive und Sigmarite-Schild<\/li>\n<li>als Tempestor, bewaffnet mit Volleystorm Crossbow, Warblade und Sigmarite-Schild<\/li>\n<li>als Concussor, bewaffnet mit Lightning Hammer und Sigmarite-Schild<\/li>\n<li>als Desolator, bewaffnet mit Thunderaxe und Sigmarite-Schild<\/li>\n<\/ul>\n<p>Ein Dracothian Guard kann au\u00dferdem optional als Lord-Celestant auf Dracoth gebaut werden. Der Bausatz enth\u00e4lt zwei Citadel-Ovalbases (90 mm x 52 mm).<\/p>\n<p><em>Die Figuren und Baus\u00e4tze werden unbemalt geliefert. Sie bestehen \u00fcberwiegend aus Kunststoff<\/em><\/p>\n<p><em>Aufgrund der aktuellen Situation und wegen Lieferengp\u00e4ssen beim Hersteller kann es zu l\u00e4ngeren Lieferzeiten kommen und das Erscheinungsdatum kann sich verz\u00f6gern.<\/em><\/p>\n<div class=\"grey-hint\"><strong>Wichtiger Hinweis<\/strong><br \/>\nAchtung! Nicht f\u00fcr Kinder unter 36 Monaten geeignet. Erstickungsgefahr wegen verschluckbarer Kleinteile.<\/div>\n","protected":false},"excerpt":{"rendered":"<p>Dieser mehrteilige Kunststoffbausatz enth\u00e4lt alle Komponenten, um zwei Dracothian Guards zu bauen! Jede Miniatur kann auf eine der folgenden Weisen gebaut werden: &nbsp; als Fulminator, bewaffnet mit Stormstrike Glaive und Sigmarite-Schild als Tempestor, bewaffnet mit Volleystorm Crossbow, Warblade und Sigmarite-Schild als Concussor, bewaffnet mit Lightning Hammer und Sigmarite-Schild als Desolator, bewaffnet mit Thunderaxe und Sigmarite-Schild [&hellip;]<\/p>\n","protected":false},"featured_media":4783,"template":"","meta":[],"product_brand":[],"product_cat":[119],"product_tag":[],"class_list":{"0":"post-4782","1":"product","2":"type-product","3":"status-publish","4":"has-post-thumbnail","6":"product_cat-age-of-sigmar","8":"first","9":"instock","10":"sale","11":"taxable","12":"shipping-taxable","13":"purchasable","14":"product-type-simple"},"_links":{"self":[{"href":"https:\/\/melnibone.at\/shop\/index.php\/wp-json\/wp\/v2\/product\/4782","targetHints":{"allow":["GET"]}}],"collection":[{"href":"https:\/\/melnibone.at\/shop\/index.php\/wp-json\/wp\/v2\/product"}],"about":[{"href":"https:\/\/melnibone.at\/shop\/index.php\/wp-json\/wp\/v2\/types\/product"}],"wp:featuredmedia":[{"embeddable":true,"href":"https:\/\/melnibone.at\/shop\/index.php\/wp-json\/wp\/v2\/media\/4783"}],"wp:attachment":[{"href":"https:\/\/melnibone.at\/shop\/index.php\/wp-json\/wp\/v2\/media?parent=4782"}],"wp:term":[{"taxonomy":"product_brand","embeddable":true,"href":"https:\/\/melnibone.at\/shop\/index.php\/wp-json\/wp\/v2\/product_brand?post=4782"},{"taxonomy":"product_cat","embeddable":true,"href":"https:\/\/melnibone.at\/shop\/index.php\/wp-json\/wp\/v2\/product_cat?post=4782"},{"taxonomy":"product_tag","embeddable":true,"href":"https:\/\/melnibone.at\/shop\/index.php\/wp-json\/wp\/v2\/product_tag?post=4782"}],"curies":[{"name":"wp","href":"https:\/\/api.w.org\/{rel}","templated":true}]}}