{"id":6193,"date":"2025-06-04T13:26:23","date_gmt":"2025-06-04T11:26:23","guid":{"rendered":"https:\/\/melnibone.at\/shop\/?post_type=product&#038;p=6193"},"modified":"2025-08-30T17:15:52","modified_gmt":"2025-08-30T15:15:52","slug":"magic-the-gathering-final-fantasy-starter-kit-deutsch","status":"publish","type":"product","link":"https:\/\/melnibone.at\/shop\/index.php\/produkt\/magic-the-gathering-final-fantasy-starter-kit-deutsch\/","title":{"rendered":"Magic: The Gathering \u2013 FINAL FANTASY: Starter Kit (Deutsch)"},"content":{"rendered":"<div>\n<p data-start=\"112\" data-end=\"175\"><strong data-start=\"112\" data-end=\"175\">Magic: The Gathering \u2013 FINAL FANTASY: Starter Kit (Deutsch)<\/strong><\/p>\n<p data-start=\"177\" data-end=\"568\">Der perfekte Einstieg in die magische Welt von Magic: The Gathering \u2013 jetzt mit dem unverwechselbaren Flair von <em data-start=\"289\" data-end=\"304\">Final Fantasy<\/em>! Das FINAL FANTASY Starter Kit enth\u00e4lt zwei sofort spielbereite Decks mit bekannten Charakteren, Zaubern und Kreaturen aus der legend\u00e4ren Videospielreihe. Ideal f\u00fcr Einsteiger, Wiedereinsteiger und <em data-start=\"503\" data-end=\"518\">Final Fantasy<\/em>-Fans, die ins Magic-Universum eintauchen m\u00f6chten.<\/p>\n<ul data-start=\"570\" data-end=\"782\">\n<li data-start=\"570\" data-end=\"590\">\n<p data-start=\"572\" data-end=\"590\">Sprache: Deutsch<\/p>\n<\/li>\n<li data-start=\"591\" data-end=\"633\">\n<p data-start=\"593\" data-end=\"633\">Enth\u00e4lt 2 spielbereite 60-Karten-Decks<\/p>\n<\/li>\n<li data-start=\"634\" data-end=\"683\">\n<p data-start=\"636\" data-end=\"683\">Mit exklusiven Karten im FINAL FANTASY-Design<\/p>\n<\/li>\n<li data-start=\"684\" data-end=\"726\">\n<p data-start=\"686\" data-end=\"726\">Inklusive Regelheft und Spielanleitung<\/p>\n<\/li>\n<li data-start=\"727\" data-end=\"782\">\n<p data-start=\"729\" data-end=\"782\">Optimal zum Lernen, Spielen und Teilen mit Freunden<\/p>\n<\/li>\n<\/ul>\n<p data-start=\"784\" data-end=\"886\">Tauche ein in ein fesselndes Duell zwischen zwei Fantasy-Welten \u2013 perfekt f\u00fcr den Start ins Abenteuer!<\/p>\n<\/div>\n<p>&nbsp;<\/p>\n<p>&nbsp;<\/p>\n<p>&nbsp;<\/p>\n<p>Hersteller Informationen:<\/p>\n<p>Wizards of the Coast LLC,<\/p>\n<p>PO Box 707, Renton,<\/p>\n<p>WA 98057-0707,<\/p>\n<p>USA<\/p>\n<p>https:\/\/company.wizards.com\/de |<\/p>\n<p>Kontakt: https:\/\/support.wizards.com\/hc\/de<\/p>\n<p>&#8212;<\/p>\n<p>Jeder Artikel der Kategorie &#8222;Livebreak&#8220; wird im Stream von MelniboneMtG auf Twitch ge\u00f6ffnet. Bitte gib daher bei deiner Bestellung unter &#8222;Anmerkungen zur Bestellung&#8220; deinen Nicknamen bzw. wie wir dich nennen d\u00fcrfen an.<\/p>\n<p>Wir nehmen dein Booster zuf\u00e4llig aus einem Display bzw. einer Collection.<\/p>\n","protected":false},"excerpt":{"rendered":"<p>Magic: The Gathering \u2013 FINAL FANTASY: Starter Kit (Deutsch) Der perfekte Einstieg in die magische Welt von Magic: The Gathering \u2013 jetzt mit dem unverwechselbaren Flair von Final Fantasy! Das FINAL FANTASY Starter Kit enth\u00e4lt zwei sofort spielbereite Decks mit bekannten Charakteren, Zaubern und Kreaturen aus der legend\u00e4ren Videospielreihe. Ideal f\u00fcr Einsteiger, Wiedereinsteiger und Final [&hellip;]<\/p>\n","protected":false},"featured_media":6194,"template":"","meta":[],"product_brand":[],"product_cat":[67,42],"product_tag":[],"class_list":{"0":"post-6193","1":"product","2":"type-product","3":"status-publish","4":"has-post-thumbnail","6":"product_cat-live-break-magic","7":"product_cat-magic-the-gathering","9":"first","10":"instock","11":"taxable","12":"shipping-taxable","13":"purchasable","14":"product-type-simple"},"_links":{"self":[{"href":"https:\/\/melnibone.at\/shop\/index.php\/wp-json\/wp\/v2\/product\/6193","targetHints":{"allow":["GET"]}}],"collection":[{"href":"https:\/\/melnibone.at\/shop\/index.php\/wp-json\/wp\/v2\/product"}],"about":[{"href":"https:\/\/melnibone.at\/shop\/index.php\/wp-json\/wp\/v2\/types\/product"}],"wp:featuredmedia":[{"embeddable":true,"href":"https:\/\/melnibone.at\/shop\/index.php\/wp-json\/wp\/v2\/media\/6194"}],"wp:attachment":[{"href":"https:\/\/melnibone.at\/shop\/index.php\/wp-json\/wp\/v2\/media?parent=6193"}],"wp:term":[{"taxonomy":"product_brand","embeddable":true,"href":"https:\/\/melnibone.at\/shop\/index.php\/wp-json\/wp\/v2\/product_brand?post=6193"},{"taxonomy":"product_cat","embeddable":true,"href":"https:\/\/melnibone.at\/shop\/index.php\/wp-json\/wp\/v2\/product_cat?post=6193"},{"taxonomy":"product_tag","embeddable":true,"href":"https:\/\/melnibone.at\/shop\/index.php\/wp-json\/wp\/v2\/product_tag?post=6193"}],"curies":[{"name":"wp","href":"https:\/\/api.w.org\/{rel}","templated":true}]}}